pose -2*d = t - 26, -3*d + 12 - 77 = -5*t. Calculate the highest common factor of t and 5.
1
Suppose -2*h + 30 = 2*z - 24, -h = -z + 21. Let i = z - 34. Let a be (-2*2)/(i/25). Calculate the greatest common factor of 10 and a.
10
Let a = 207 + -109. Suppose 11*t + 3*t = a. Calculate the greatest common factor of 56 and t.
7
Suppose -9*f = 3*f - 180. What is the greatest common divisor of f and 120?
15
Let u(d) = -6*d - 9. Let i be u(-6). Suppose 2*c + 0 = 44. Suppose -g + i = -c. What is the highest common divisor of 7 and g?
7
Let i(x) be the third derivative of x**5/60 + 8*x**3/3 - 5*x**2. Let o be i(0). Let a = o + 2. What is the highest common factor of a and 72?
18
Suppose -5*w + 170 = 2*s, -4*s + 136 = -4*w - 232. Calculate the highest common divisor of 495 and s.
45
Let q = -2 - 2. Let t = 12 - q. Suppose -5*r = -5*w + 5, 0 = -6*r + 2*r + t. What is the highest common factor of w and 45?
5
Suppose 9*o - 350 + 134 = 0. Let m(k) = -k**2 + 6. Let d be m(0). Calculate the greatest common factor of d and o.
6
Let v = 788 - 730. What is the highest common divisor of v and 1421?
29
Let p be 120/(-84)*(-56)/5. Suppose 0*g - 8 = -2*g. Calculate the highest common divisor of p and g.
4
Suppose 0 = d - 5 - 14. Let f = d + 8. Suppose 2*m - 4041 + 4035 = 0. What is the greatest common divisor of m and f?
3
Suppose 163*p = 162*p + 22. Let i be (0/1)/(-1 - -3). Suppose i*y + 5*y = 10. Calculate the greatest common divisor of y and p.
2
Let b(q) = -q - 14. Let l be b(-20). Let h = 21 - l. Calculate the highest common factor of h and 15.
15
Let a(o) = 3*o**2 + 4*o + 5. Let v be a(-1). Suppose -3*c = 2*c - 80. What is the greatest common factor of c and v?
4
Let s = 444 - 365. Calculate the greatest common divisor of s and 1.
1
Let m be ((-6)/8)/((-1)/(-4)). Let l be (m - 9/(-5))*-30. What is the highest common factor of l and 90?
18
Suppose 0 = -l + 3*h + 35, 15*l - 5*h + 75 = 16*l. Calculate the highest common factor of 100 and l.
50
Let g(n) = -n - 7. Suppose 4*f + 30 = -f. Let z be g(f). Let d be -2*(z/1 - 24). Calculate the greatest common factor of 125 and d.
25
Let m be ((-2)/3)/(3/(-9)). Suppose -6 = -m*s + 26. Suppose -3*v = 2*z - s - 7, -z = -4*v + 5. What is the highest common factor of z and 56?
7
Suppose -s = 3*a - 56, 0*a + 5*a - 2*s - 97 = 0. Suppose l + a = 5. Let r be l/(-56) - 934/(-8). What is the greatest common factor of r and 13?
13
Let a = -390 - -399. What is the highest common factor of 1359 and a?
9
Suppose -25 = -3*c + 20. Suppose -m = -t - 11, 5*m + t - c = 10. Suppose -4*y + n - m*n = -25, y - 4 = -2*n. Calculate the highest common factor of 110 and y.
10
Suppose -9*x + 4462 - 3994 = 0. Calculate the highest common divisor of x and 143.
13
Let s = 214 + -78. Calculate the highest common factor of s and 34.
34
Let p be (-6)/(-27)*3*(-7 - -10). Let l be (((-24)/(-10))/p)/(24/420). What is the highest common divisor of 6 and l?
3
Let r(l) = l**3 - 3*l**2 - 9*l + 13. Let v be r(5). What is the greatest common factor of 63 and v?
9
Let s(n) = -5*n - 9. Let x(d) = 2*d + 8. Let a be x(-6). Let k be (-4)/a + (-6)/1. Let y be s(k). What is the highest common factor of y and 24?
8
Let j(v) = v - 16. Let s(i) = 2*i - 33. Let x(n) = -7*j(n) + 3*s(n). Let t be x(-7). Calculate the greatest common divisor of t and 60.
20
Suppose 45*b = -12*b + 1140. Suppose 5*p = -5 - 5. Let x be -8*(-1 + 0/p). Calculate the greatest common factor of x and b.
4
Let j be -570*(7 - ((-225)/(-10))/3). Suppose -g = -2*g + 15. What is the greatest common divisor of g and j?
15
Suppose 0*b - 5*b - 64 = 4*v, 0 = 5*v - 4*b + 39. Let i = v - -36. Let s be (3516/8)/(5/2) - 120/150. Calculate the highest common divisor of s and i.
25
Suppose 0*b - 4*b - 76 = 0. Let c = b - -21. What is the greatest common divisor of 18 and c?
2
Let r be (2/(-6))/((-3)/306). Suppose -2*k - 2*g - 2*g = -98, -2*k = -4*g - 106. What is the highest common divisor of k and r?
17
Suppose 4*u - 2 = c, 9 = -c + 6*c - u. Suppose 3*x = -0*x - c*s + 44, -3*x + 28 = -2*s. Let f be 9/(-6)*(-16)/x. What is the greatest common factor of 16 and f?
2
Let r be 4/16*(-5)/((-5)/12). Let x = -18 - -33. Suppose 2*v - r*v - x = -3*p, -5*v = -5*p + 15. What is the greatest common divisor of p and 30?
6
Suppose 0 = k - 4*n - 254, 5*k + 7*n = 5*n + 1204. What is the greatest common divisor of k and 198?
22
Let f = 42 - 9. Suppose -p - p = -4*x + 188, -x = 3*p - f. Suppose 3*y = 4*w - w, 5*y - 2*w - 15 = 0. Calculate the greatest common divisor of x and y.
5
Let i = -90 + 185. Let g = i + -63. What is the greatest common factor of g and 4?
4
Let b(d) = -5*d - 64. Let r be b(-15). Let v = 144 - r. Calculate the highest common divisor of v and 38.
19
Let x = -19 - -21. Suppose 5*a - 4*v - 48 = 1, x*a = v + 22. Let w(t) = t**2 - 13*t + 1. Let h be w(a). Calculate the greatest common factor of h and 1.
1
Let b(f) = -f**3 + 23*f**2 + 11. Let z be b(23). Suppose 2*q - 41 = -z. Calculate the greatest common factor of q and 3.
3
Let g = -23 + 27. Let j be (g/(-8))/(1/(-256)). Let l(k) = -10*k - 8. Let w be l(-4). What is the greatest common divisor of j and w?
32
Suppose 0*b = 4*b - 20. Let i = 96 - 86. What is the greatest common factor of b and i?
5
Let f(t) = -t**3 - 25*t**2 - 32*t - 57. Let a be f(-24). What is the highest common divisor of 27 and a?
27
Let n(b) = 4*b - 128. Let p be n(33). Let i be 6/(-8)*(1 + -5). Suppose -v - p = 0, -i*k + 14 = 2*v + 1. What is the highest common divisor of k and 63?
7
Suppose -4903 = -37*g + 6419. What is the highest common factor of g and 170?
34
Suppose 0 = 4*r + h - 1447, -3*h + 197 + 151 = r. What is the highest common divisor of 99 and r?
33
Suppose 12*x + 213 = 4*c + 7*x, c - 3*x - 55 = 0. What is the greatest common divisor of c and 4?
4
Suppose 0 = l, p + 2 = -l + 12. Let z be -3*p/2*-10. What is the greatest common divisor of z and 60?
30
Let h be 3/(((-45)/12)/(-5)). Let u(g) = g**3 - 2*g**2 + 11*g - 18. Let t be u(2). What is the highest common factor of h and t?
4
Suppose -3*b + 5*c - 5 + 56 = 0, 0 = -b + c + 19. Let v be (-4 - -3)*(0 - b). Calculate the greatest common factor of v and 33.
11
Let o be (-2)/14*7 + 10. Suppose -3*s + 3*f = -900, -2*f + 809 + 670 = 5*s. Suppose 0 = -4*i + i + s. Calculate the highest common factor of o and i.
9
Suppose 4*t - 7*q + 4*q = 13682, -5*t - q = -17093. What is the greatest common divisor of 13 and t?
13
Let q(i) = -i**3 + 77. Let a(l) = l**3 - 6*l**2 - l + 6. Let x be a(6). Let g be q(x). Calculate the highest common divisor of 11 and g.
11
Let z be -1 + 2 + 4/2. Let s(g) = -g**2 + 5*g - 1. Let r be s(4). Suppose n + r*o = 12, -o - 22 = -5*n + 3*o. Calculate the highest common divisor of z and n.
3
Let w be (-1)/2*(-6 - 16346)/7. What is the highest common divisor of 16 and w?
16
Let h be (-1)/(-1) + -2 - -7. Let r = -50 + 104. Let s = r - 30. Calculate the highest common factor of h and s.
6
Let y be -4*-1*3/12. What is the highest common divisor of y and 1?
1
Let q(t) = t**3 + 6*t**2 - 5*t - 3. Let v be q(-7). Let j = v + 72. Let u be (76/5)/(22/j). Calculate the greatest common factor of 19 and u.
19
Let i be ((-4)/(-20))/(-2*(-1)/10). What is the greatest common divisor of i and 8?
1
Let z = 122 - 86. Suppose 0*a - 24 = 3*a. Let i = a - -17. What is the highest common factor of z and i?
9
Suppose 2*n - 3*a - 33 = 0, 5*n - 40 = a + 75. What is the highest common factor of n and 32?
8
Let f be (-3)/(9/(-6)) + 36 - 1. Calculate the greatest common factor of f and 1.
1
Suppose -5*w + 18*w = 130. What is the greatest common divisor of 5 and w?
5
Let f(u) = -u**3 + 16*u**2 - 23*u + 26. Let r be f(14). What is the highest common divisor of 128 and r?
32
Let c = -28 - -70. Let i(k) = 2*k**2 + 2*k - 2. Let v be i(4). Suppose -2 = 2*r, -v - 101 = -5*t - r. What is the greatest common factor of t and c?
14
Suppose -4*k = 5*l - 177, 4*k + 28*l - 29*l - 171 = 0. Calculate the greatest common divisor of k and 860.
43
Let q = 40 + -27. Let f(i) = 5*i - 76. Let u be f(23). Calculate the highest common divisor of u and q.
13
Let r be 28 - (12/2 - -3). Calculate the greatest common divisor of r and 304.
19
Let p = 237 + -8. Let x = p + -110. What is the greatest common divisor of 17 and x?
17
Suppose 0 = -5*m + 1048 + 422. Suppose -12